{"id":133,"date":"2016-05-17T12:12:14","date_gmt":"2016-05-17T12:12:14","guid":{"rendered":"http:\/\/kalikoapartman.hu\/?page_id=133"},"modified":"2017-03-07T13:00:33","modified_gmt":"2017-03-07T13:00:33","slug":"ismertetorezension","status":"publish","type":"page","link":"https:\/\/kalikoapartman.hu\/?page_id=133","title":{"rendered":"Ismertet\u0151\/Rezension"},"content":{"rendered":"<p style=\"text-align: center;\"><img loading=\"lazy\" decoding=\"async\" class=\"size-full wp-image-134 aligncenter\" src=\"http:\/\/kalikoapartman.hu\/wp-content\/uploads\/2016\/05\/Apartmanok.png\" alt=\"Apartmanok\" width=\"793\" height=\"633\" srcset=\"https:\/\/kalikoapartman.hu\/wp-content\/uploads\/2016\/05\/Apartmanok.png 793w, https:\/\/kalikoapartman.hu\/wp-content\/uploads\/2016\/05\/Apartmanok-300x239.png 300w, https:\/\/kalikoapartman.hu\/wp-content\/uploads\/2016\/05\/Apartmanok-768x613.png 768w\" sizes=\"auto, (max-width: 793px) 100vw, 793px\" \/><span style=\"color: #800000;\"><span style=\"color: #ff0000;\">H\u00e1zi\u00e1llatot nem fogadunk! \u00a0 \u00a0<\/span> \u00a0 \u00a0 \u00a0 \u00a0 \u00a0 \u00a0 \u00a0 \u00a0 \u00a0 \u00a0 \u00a0 \u00a0 \u00a0 \u00a0 \u00a0 \u00a0<span style=\"color: #ff0000;\"> Haustiere sind nicht erlaubt!<\/span><\/span><img loading=\"lazy\" decoding=\"async\" class=\"aligncenter wp-image-140\" src=\"http:\/\/kalikoapartman.hu\/wp-content\/uploads\/2016\/05\/nodogs.png\" alt=\"nodogs\" width=\"128\" height=\"128\" srcset=\"https:\/\/kalikoapartman.hu\/wp-content\/uploads\/2016\/05\/nodogs.png 200w, https:\/\/kalikoapartman.hu\/wp-content\/uploads\/2016\/05\/nodogs-150x150.png 150w\" sizes=\"auto, (max-width: 128px) 100vw, 128px\" \/><\/p>\n","protected":false},"excerpt":{"rendered":"<p>H\u00e1zi\u00e1llatot nem fogadunk! \u00a0 \u00a0 \u00a0 \u00a0 \u00a0 \u00a0 \u00a0 \u00a0 \u00a0 \u00a0 \u00a0 \u00a0 \u00a0 \u00a0 \u00a0 \u00a0 \u00a0 \u00a0 Haustiere sind nicht erlaubt!<\/p>\n","protected":false},"author":1,"featured_media":0,"parent":0,"menu_order":4,"comment_status":"closed","ping_status":"closed","template":"","meta":{"_monsterinsights_skip_tracking":false,"_monsterinsights_sitenote_active":false,"_monsterinsights_sitenote_note":"","_monsterinsights_sitenote_category":0,"footnotes":""},"class_list":["post-133","page","type-page","status-publish","hentry"],"aioseo_notices":[],"yoast_head":"<!-- This site is optimized with the Yoast SEO plugin v25.7 - https:\/\/yoast.com\/wordpress\/plugins\/seo\/ -->\n<title>Ismertet\u0151\/Rezension - K\u00e1li K\u0151 Nyaral\u00f3h\u00e1z<\/title>\n<meta name=\"robots\" content=\"index, follow, max-snippet:-1, max-image-preview:large, max-video-preview:-1\" \/>\n<link rel=\"canonical\" href=\"https:\/\/kalikoapartman.hu\/?page_id=133\" \/>\n<meta property=\"og:locale\" content=\"hu_HU\" \/>\n<meta property=\"og:type\" content=\"article\" \/>\n<meta property=\"og:title\" content=\"Ismertet\u0151\/Rezension - K\u00e1li K\u0151 Nyaral\u00f3h\u00e1z\" \/>\n<meta property=\"og:description\" content=\"H\u00e1zi\u00e1llatot nem fogadunk! \u00a0 \u00a0 \u00a0 \u00a0 \u00a0 \u00a0 \u00a0 \u00a0 \u00a0 \u00a0 \u00a0 \u00a0 \u00a0 \u00a0 \u00a0 \u00a0 \u00a0 \u00a0 Haustiere sind nicht erlaubt!\" \/>\n<meta property=\"og:url\" content=\"https:\/\/kalikoapartman.hu\/?page_id=133\" \/>\n<meta property=\"og:site_name\" content=\"K\u00e1li K\u0151 Nyaral\u00f3h\u00e1z\" \/>\n<meta property=\"article:modified_time\" content=\"2017-03-07T13:00:33+00:00\" \/>\n<meta property=\"og:image\" content=\"http:\/\/kalikoapartman.hu\/wp-content\/uploads\/2016\/05\/Apartmanok.png\" \/>\n<meta name=\"twitter:card\" content=\"summary_large_image\" \/>\n<script type=\"application\/ld+json\" class=\"yoast-schema-graph\">{\"@context\":\"https:\/\/schema.org\",\"@graph\":[{\"@type\":\"WebPage\",\"@id\":\"https:\/\/kalikoapartman.hu\/?page_id=133\",\"url\":\"https:\/\/kalikoapartman.hu\/?page_id=133\",\"name\":\"Ismertet\u0151\/Rezension - K\u00e1li K\u0151 Nyaral\u00f3h\u00e1z\",\"isPartOf\":{\"@id\":\"https:\/\/kalikoapartman.hu\/#website\"},\"primaryImageOfPage\":{\"@id\":\"https:\/\/kalikoapartman.hu\/?page_id=133#primaryimage\"},\"image\":{\"@id\":\"https:\/\/kalikoapartman.hu\/?page_id=133#primaryimage\"},\"thumbnailUrl\":\"http:\/\/kalikoapartman.hu\/wp-content\/uploads\/2016\/05\/Apartmanok.png\",\"datePublished\":\"2016-05-17T12:12:14+00:00\",\"dateModified\":\"2017-03-07T13:00:33+00:00\",\"breadcrumb\":{\"@id\":\"https:\/\/kalikoapartman.hu\/?page_id=133#breadcrumb\"},\"inLanguage\":\"hu\",\"potentialAction\":[{\"@type\":\"ReadAction\",\"target\":[\"https:\/\/kalikoapartman.hu\/?page_id=133\"]}]},{\"@type\":\"ImageObject\",\"inLanguage\":\"hu\",\"@id\":\"https:\/\/kalikoapartman.hu\/?page_id=133#primaryimage\",\"url\":\"https:\/\/kalikoapartman.hu\/wp-content\/uploads\/2016\/05\/Apartmanok.png\",\"contentUrl\":\"https:\/\/kalikoapartman.hu\/wp-content\/uploads\/2016\/05\/Apartmanok.png\",\"width\":793,\"height\":633},{\"@type\":\"BreadcrumbList\",\"@id\":\"https:\/\/kalikoapartman.hu\/?page_id=133#breadcrumb\",\"itemListElement\":[{\"@type\":\"ListItem\",\"position\":1,\"name\":\"Home\",\"item\":\"https:\/\/kalikoapartman.hu\/\"},{\"@type\":\"ListItem\",\"position\":2,\"name\":\"Ismertet\u0151\/Rezension\"}]},{\"@type\":\"WebSite\",\"@id\":\"https:\/\/kalikoapartman.hu\/#website\",\"url\":\"https:\/\/kalikoapartman.hu\/\",\"name\":\"K\u00e1li K\u0151 Nyaral\u00f3h\u00e1z\",\"description\":\"Szentb\u00e9kk\u00e1lla K\u00e1li-medence\",\"potentialAction\":[{\"@type\":\"SearchAction\",\"target\":{\"@type\":\"EntryPoint\",\"urlTemplate\":\"https:\/\/kalikoapartman.hu\/?s={search_term_string}\"},\"query-input\":{\"@type\":\"PropertyValueSpecification\",\"valueRequired\":true,\"valueName\":\"search_term_string\"}}],\"inLanguage\":\"hu\"}]}<\/script>\n<!-- \/ Yoast SEO plugin. -->","yoast_head_json":{"title":"Ismertet\u0151\/Rezension - K\u00e1li K\u0151 Nyaral\u00f3h\u00e1z","robots":{"index":"index","follow":"follow","max-snippet":"max-snippet:-1","max-image-preview":"max-image-preview:large","max-video-preview":"max-video-preview:-1"},"canonical":"https:\/\/kalikoapartman.hu\/?page_id=133","og_locale":"hu_HU","og_type":"article","og_title":"Ismertet\u0151\/Rezension - K\u00e1li K\u0151 Nyaral\u00f3h\u00e1z","og_description":"H\u00e1zi\u00e1llatot nem fogadunk! \u00a0 \u00a0 \u00a0 \u00a0 \u00a0 \u00a0 \u00a0 \u00a0 \u00a0 \u00a0 \u00a0 \u00a0 \u00a0 \u00a0 \u00a0 \u00a0 \u00a0 \u00a0 Haustiere sind nicht erlaubt!","og_url":"https:\/\/kalikoapartman.hu\/?page_id=133","og_site_name":"K\u00e1li K\u0151 Nyaral\u00f3h\u00e1z","article_modified_time":"2017-03-07T13:00:33+00:00","og_image":[{"url":"http:\/\/kalikoapartman.hu\/wp-content\/uploads\/2016\/05\/Apartmanok.png","type":"","width":"","height":""}],"twitter_card":"summary_large_image","schema":{"@context":"https:\/\/schema.org","@graph":[{"@type":"WebPage","@id":"https:\/\/kalikoapartman.hu\/?page_id=133","url":"https:\/\/kalikoapartman.hu\/?page_id=133","name":"Ismertet\u0151\/Rezension - K\u00e1li K\u0151 Nyaral\u00f3h\u00e1z","isPartOf":{"@id":"https:\/\/kalikoapartman.hu\/#website"},"primaryImageOfPage":{"@id":"https:\/\/kalikoapartman.hu\/?page_id=133#primaryimage"},"image":{"@id":"https:\/\/kalikoapartman.hu\/?page_id=133#primaryimage"},"thumbnailUrl":"http:\/\/kalikoapartman.hu\/wp-content\/uploads\/2016\/05\/Apartmanok.png","datePublished":"2016-05-17T12:12:14+00:00","dateModified":"2017-03-07T13:00:33+00:00","breadcrumb":{"@id":"https:\/\/kalikoapartman.hu\/?page_id=133#breadcrumb"},"inLanguage":"hu","potentialAction":[{"@type":"ReadAction","target":["https:\/\/kalikoapartman.hu\/?page_id=133"]}]},{"@type":"ImageObject","inLanguage":"hu","@id":"https:\/\/kalikoapartman.hu\/?page_id=133#primaryimage","url":"https:\/\/kalikoapartman.hu\/wp-content\/uploads\/2016\/05\/Apartmanok.png","contentUrl":"https:\/\/kalikoapartman.hu\/wp-content\/uploads\/2016\/05\/Apartmanok.png","width":793,"height":633},{"@type":"BreadcrumbList","@id":"https:\/\/kalikoapartman.hu\/?page_id=133#breadcrumb","itemListElement":[{"@type":"ListItem","position":1,"name":"Home","item":"https:\/\/kalikoapartman.hu\/"},{"@type":"ListItem","position":2,"name":"Ismertet\u0151\/Rezension"}]},{"@type":"WebSite","@id":"https:\/\/kalikoapartman.hu\/#website","url":"https:\/\/kalikoapartman.hu\/","name":"K\u00e1li K\u0151 Nyaral\u00f3h\u00e1z","description":"Szentb\u00e9kk\u00e1lla K\u00e1li-medence","potentialAction":[{"@type":"SearchAction","target":{"@type":"EntryPoint","urlTemplate":"https:\/\/kalikoapartman.hu\/?s={search_term_string}"},"query-input":{"@type":"PropertyValueSpecification","valueRequired":true,"valueName":"search_term_string"}}],"inLanguage":"hu"}]}},"_links":{"self":[{"href":"https:\/\/kalikoapartman.hu\/index.php?rest_route=\/wp\/v2\/pages\/133","targetHints":{"allow":["GET"]}}],"collection":[{"href":"https:\/\/kalikoapartman.hu\/index.php?rest_route=\/wp\/v2\/pages"}],"about":[{"href":"https:\/\/kalikoapartman.hu\/index.php?rest_route=\/wp\/v2\/types\/page"}],"author":[{"embeddable":true,"href":"https:\/\/kalikoapartman.hu\/index.php?rest_route=\/wp\/v2\/users\/1"}],"replies":[{"embeddable":true,"href":"https:\/\/kalikoapartman.hu\/index.php?rest_route=%2Fwp%2Fv2%2Fcomments&post=133"}],"version-history":[{"count":5,"href":"https:\/\/kalikoapartman.hu\/index.php?rest_route=\/wp\/v2\/pages\/133\/revisions"}],"predecessor-version":[{"id":142,"href":"https:\/\/kalikoapartman.hu\/index.php?rest_route=\/wp\/v2\/pages\/133\/revisions\/142"}],"wp:attachment":[{"href":"https:\/\/kalikoapartman.hu\/index.php?rest_route=%2Fwp%2Fv2%2Fmedia&parent=133"}],"curies":[{"name":"wp","href":"https:\/\/api.w.org\/{rel}","templated":true}]}}