{"id":168,"date":"2016-05-17T13:22:12","date_gmt":"2016-05-17T13:22:12","guid":{"rendered":"http:\/\/kalikoapartman.hu\/?page_id=168"},"modified":"2017-03-07T13:06:34","modified_gmt":"2017-03-07T13:06:34","slug":"media-megjelenes","status":"publish","type":"page","link":"https:\/\/kalikoapartman.hu\/?page_id=168","title":{"rendered":"Veranda"},"content":{"rendered":"<p><span style=\"color: #000080;\"><strong>Veranda magazin 2016 M\u00e1jus\/J\u00fanius.<\/strong><\/span><\/p>\n<div id='gallery-1' class='gallery galleryid-168 gallery-columns-2 gallery-size-large'><dl class='gallery-item'>\n\t\t\t<dt class='gallery-icon landscape'>\n\t\t\t\t<a href='https:\/\/kalikoapartman.hu\/wp-content\/uploads\/2016\/05\/V1.jpg'><img loading=\"lazy\" decoding=\"async\" width=\"640\" height=\"453\" src=\"https:\/\/kalikoapartman.hu\/wp-content\/uploads\/2016\/05\/V1-1024x724.jpg\" class=\"attachment-large size-large\" alt=\"\" srcset=\"https:\/\/kalikoapartman.hu\/wp-content\/uploads\/2016\/05\/V1-1024x724.jpg 1024w, https:\/\/kalikoapartman.hu\/wp-content\/uploads\/2016\/05\/V1-300x212.jpg 300w, https:\/\/kalikoapartman.hu\/wp-content\/uploads\/2016\/05\/V1-768x543.jpg 768w, https:\/\/kalikoapartman.hu\/wp-content\/uploads\/2016\/05\/V1.jpg 1654w\" sizes=\"auto, (max-width: 640px) 100vw, 640px\" \/><\/a>\n\t\t\t<\/dt><\/dl><dl class='gallery-item'>\n\t\t\t<dt class='gallery-icon landscape'>\n\t\t\t\t<a href='https:\/\/kalikoapartman.hu\/wp-content\/uploads\/2016\/05\/V2.jpg'><img loading=\"lazy\" decoding=\"async\" width=\"640\" height=\"453\" src=\"https:\/\/kalikoapartman.hu\/wp-content\/uploads\/2016\/05\/V2-1024x724.jpg\" class=\"attachment-large size-large\" alt=\"\" srcset=\"https:\/\/kalikoapartman.hu\/wp-content\/uploads\/2016\/05\/V2-1024x724.jpg 1024w, https:\/\/kalikoapartman.hu\/wp-content\/uploads\/2016\/05\/V2-300x212.jpg 300w, https:\/\/kalikoapartman.hu\/wp-content\/uploads\/2016\/05\/V2-768x543.jpg 768w, https:\/\/kalikoapartman.hu\/wp-content\/uploads\/2016\/05\/V2.jpg 1654w\" sizes=\"auto, (max-width: 640px) 100vw, 640px\" \/><\/a>\n\t\t\t<\/dt><\/dl><br style=\"clear: both\" \/><dl class='gallery-item'>\n\t\t\t<dt class='gallery-icon portrait'>\n\t\t\t\t<a href='https:\/\/kalikoapartman.hu\/wp-content\/uploads\/2016\/05\/V3.jpg'><img loading=\"lazy\" decoding=\"async\" width=\"640\" height=\"905\" src=\"https:\/\/kalikoapartman.hu\/wp-content\/uploads\/2016\/05\/V3-724x1024.jpg\" class=\"attachment-large size-large\" alt=\"\" srcset=\"https:\/\/kalikoapartman.hu\/wp-content\/uploads\/2016\/05\/V3-724x1024.jpg 724w, https:\/\/kalikoapartman.hu\/wp-content\/uploads\/2016\/05\/V3-212x300.jpg 212w, https:\/\/kalikoapartman.hu\/wp-content\/uploads\/2016\/05\/V3-768x1086.jpg 768w, https:\/\/kalikoapartman.hu\/wp-content\/uploads\/2016\/05\/V3.jpg 827w\" sizes=\"auto, (max-width: 640px) 100vw, 640px\" \/><\/a>\n\t\t\t<\/dt><\/dl>\n\t\t\t<br style='clear: both' \/>\n\t\t<\/div>\n\n","protected":false},"excerpt":{"rendered":"<p>Veranda magazin 2016 M\u00e1jus\/J\u00fanius.<\/p>\n","protected":false},"author":1,"featured_media":0,"parent":0,"menu_order":6,"comment_status":"closed","ping_status":"closed","template":"","meta":{"_monsterinsights_skip_tracking":false,"_monsterinsights_sitenote_active":false,"_monsterinsights_sitenote_note":"","_monsterinsights_sitenote_category":0,"footnotes":""},"class_list":["post-168","page","type-page","status-publish","hentry"],"aioseo_notices":[],"yoast_head":"<!-- This site is optimized with the Yoast SEO plugin v25.7 - https:\/\/yoast.com\/wordpress\/plugins\/seo\/ -->\n<title>Veranda - K\u00e1li K\u0151 Nyaral\u00f3h\u00e1z<\/title>\n<meta name=\"robots\" content=\"index, follow, max-snippet:-1, max-image-preview:large, max-video-preview:-1\" \/>\n<link rel=\"canonical\" href=\"https:\/\/kalikoapartman.hu\/?page_id=168\" \/>\n<meta property=\"og:locale\" content=\"hu_HU\" \/>\n<meta property=\"og:type\" content=\"article\" \/>\n<meta property=\"og:title\" content=\"Veranda - K\u00e1li K\u0151 Nyaral\u00f3h\u00e1z\" \/>\n<meta property=\"og:description\" content=\"Veranda magazin 2016 M\u00e1jus\/J\u00fanius.\" \/>\n<meta property=\"og:url\" content=\"https:\/\/kalikoapartman.hu\/?page_id=168\" \/>\n<meta property=\"og:site_name\" content=\"K\u00e1li K\u0151 Nyaral\u00f3h\u00e1z\" \/>\n<meta property=\"article:modified_time\" content=\"2017-03-07T13:06:34+00:00\" \/>\n<meta property=\"og:image\" content=\"https:\/\/kalikoapartman.hu\/wp-content\/uploads\/2016\/05\/V1-1024x724.jpg\" \/>\n<meta name=\"twitter:card\" content=\"summary_large_image\" \/>\n<script type=\"application\/ld+json\" class=\"yoast-schema-graph\">{\"@context\":\"https:\/\/schema.org\",\"@graph\":[{\"@type\":\"WebPage\",\"@id\":\"https:\/\/kalikoapartman.hu\/?page_id=168\",\"url\":\"https:\/\/kalikoapartman.hu\/?page_id=168\",\"name\":\"Veranda - K\u00e1li K\u0151 Nyaral\u00f3h\u00e1z\",\"isPartOf\":{\"@id\":\"https:\/\/kalikoapartman.hu\/#website\"},\"datePublished\":\"2016-05-17T13:22:12+00:00\",\"dateModified\":\"2017-03-07T13:06:34+00:00\",\"breadcrumb\":{\"@id\":\"https:\/\/kalikoapartman.hu\/?page_id=168#breadcrumb\"},\"inLanguage\":\"hu\",\"potentialAction\":[{\"@type\":\"ReadAction\",\"target\":[\"https:\/\/kalikoapartman.hu\/?page_id=168\"]}]},{\"@type\":\"BreadcrumbList\",\"@id\":\"https:\/\/kalikoapartman.hu\/?page_id=168#breadcrumb\",\"itemListElement\":[{\"@type\":\"ListItem\",\"position\":1,\"name\":\"Home\",\"item\":\"https:\/\/kalikoapartman.hu\/\"},{\"@type\":\"ListItem\",\"position\":2,\"name\":\"Veranda\"}]},{\"@type\":\"WebSite\",\"@id\":\"https:\/\/kalikoapartman.hu\/#website\",\"url\":\"https:\/\/kalikoapartman.hu\/\",\"name\":\"K\u00e1li K\u0151 Nyaral\u00f3h\u00e1z\",\"description\":\"Szentb\u00e9kk\u00e1lla K\u00e1li-medence\",\"potentialAction\":[{\"@type\":\"SearchAction\",\"target\":{\"@type\":\"EntryPoint\",\"urlTemplate\":\"https:\/\/kalikoapartman.hu\/?s={search_term_string}\"},\"query-input\":{\"@type\":\"PropertyValueSpecification\",\"valueRequired\":true,\"valueName\":\"search_term_string\"}}],\"inLanguage\":\"hu\"}]}<\/script>\n<!-- \/ Yoast SEO plugin. -->","yoast_head_json":{"title":"Veranda - K\u00e1li K\u0151 Nyaral\u00f3h\u00e1z","robots":{"index":"index","follow":"follow","max-snippet":"max-snippet:-1","max-image-preview":"max-image-preview:large","max-video-preview":"max-video-preview:-1"},"canonical":"https:\/\/kalikoapartman.hu\/?page_id=168","og_locale":"hu_HU","og_type":"article","og_title":"Veranda - K\u00e1li K\u0151 Nyaral\u00f3h\u00e1z","og_description":"Veranda magazin 2016 M\u00e1jus\/J\u00fanius.","og_url":"https:\/\/kalikoapartman.hu\/?page_id=168","og_site_name":"K\u00e1li K\u0151 Nyaral\u00f3h\u00e1z","article_modified_time":"2017-03-07T13:06:34+00:00","og_image":[{"url":"https:\/\/kalikoapartman.hu\/wp-content\/uploads\/2016\/05\/V1-1024x724.jpg","type":"","width":"","height":""}],"twitter_card":"summary_large_image","schema":{"@context":"https:\/\/schema.org","@graph":[{"@type":"WebPage","@id":"https:\/\/kalikoapartman.hu\/?page_id=168","url":"https:\/\/kalikoapartman.hu\/?page_id=168","name":"Veranda - K\u00e1li K\u0151 Nyaral\u00f3h\u00e1z","isPartOf":{"@id":"https:\/\/kalikoapartman.hu\/#website"},"datePublished":"2016-05-17T13:22:12+00:00","dateModified":"2017-03-07T13:06:34+00:00","breadcrumb":{"@id":"https:\/\/kalikoapartman.hu\/?page_id=168#breadcrumb"},"inLanguage":"hu","potentialAction":[{"@type":"ReadAction","target":["https:\/\/kalikoapartman.hu\/?page_id=168"]}]},{"@type":"BreadcrumbList","@id":"https:\/\/kalikoapartman.hu\/?page_id=168#breadcrumb","itemListElement":[{"@type":"ListItem","position":1,"name":"Home","item":"https:\/\/kalikoapartman.hu\/"},{"@type":"ListItem","position":2,"name":"Veranda"}]},{"@type":"WebSite","@id":"https:\/\/kalikoapartman.hu\/#website","url":"https:\/\/kalikoapartman.hu\/","name":"K\u00e1li K\u0151 Nyaral\u00f3h\u00e1z","description":"Szentb\u00e9kk\u00e1lla K\u00e1li-medence","potentialAction":[{"@type":"SearchAction","target":{"@type":"EntryPoint","urlTemplate":"https:\/\/kalikoapartman.hu\/?s={search_term_string}"},"query-input":{"@type":"PropertyValueSpecification","valueRequired":true,"valueName":"search_term_string"}}],"inLanguage":"hu"}]}},"_links":{"self":[{"href":"https:\/\/kalikoapartman.hu\/index.php?rest_route=\/wp\/v2\/pages\/168","targetHints":{"allow":["GET"]}}],"collection":[{"href":"https:\/\/kalikoapartman.hu\/index.php?rest_route=\/wp\/v2\/pages"}],"about":[{"href":"https:\/\/kalikoapartman.hu\/index.php?rest_route=\/wp\/v2\/types\/page"}],"author":[{"embeddable":true,"href":"https:\/\/kalikoapartman.hu\/index.php?rest_route=\/wp\/v2\/users\/1"}],"replies":[{"embeddable":true,"href":"https:\/\/kalikoapartman.hu\/index.php?rest_route=%2Fwp%2Fv2%2Fcomments&post=168"}],"version-history":[{"count":6,"href":"https:\/\/kalikoapartman.hu\/index.php?rest_route=\/wp\/v2\/pages\/168\/revisions"}],"predecessor-version":[{"id":212,"href":"https:\/\/kalikoapartman.hu\/index.php?rest_route=\/wp\/v2\/pages\/168\/revisions\/212"}],"wp:attachment":[{"href":"https:\/\/kalikoapartman.hu\/index.php?rest_route=%2Fwp%2Fv2%2Fmedia&parent=168"}],"curies":[{"name":"wp","href":"https:\/\/api.w.org\/{rel}","templated":true}]}}

<p><span style="color: #000080;"><strong>Veranda magazin 2016 Május/Június.</strong></span></p>
<div id='gallery-1' class='gallery galleryid-168 gallery-columns-2 gallery-size-large'><dl class='gallery-item'>
			<dt class='gallery-icon landscape'>
				<a href='https://kalikoapartman.hu/wp-content/uploads/2016/05/V1.jpg'><img loading="lazy" decoding="async" width="640" height="453" src="https://kalikoapartman.hu/wp-content/uploads/2016/05/V1-1024x724.jpg" class="attachment-large size-large" alt="" srcset="https://kalikoapartman.hu/wp-content/uploads/2016/05/V1-1024x724.jpg 1024w, https://kalikoapartman.hu/wp-content/uploads/2016/05/V1-300x212.jpg 300w, https://kalikoapartman.hu/wp-content/uploads/2016/05/V1-768x543.jpg 768w, https://kalikoapartman.hu/wp-content/uploads/2016/05/V1.jpg 1654w" sizes="auto, (max-width: 640px) 100vw, 640px" /></a>
			</dt></dl><dl class='gallery-item'>
			<dt class='gallery-icon landscape'>
				<a href='https://kalikoapartman.hu/wp-content/uploads/2016/05/V2.jpg'><img loading="lazy" decoding="async" width="640" height="453" src="https://kalikoapartman.hu/wp-content/uploads/2016/05/V2-1024x724.jpg" class="attachment-large size-large" alt="" srcset="https://kalikoapartman.hu/wp-content/uploads/2016/05/V2-1024x724.jpg 1024w, https://kalikoapartman.hu/wp-content/uploads/2016/05/V2-300x212.jpg 300w, https://kalikoapartman.hu/wp-content/uploads/2016/05/V2-768x543.jpg 768w, https://kalikoapartman.hu/wp-content/uploads/2016/05/V2.jpg 1654w" sizes="auto, (max-width: 640px) 100vw, 640px" /></a>
			</dt></dl><br style="clear: both" /><dl class='gallery-item'>
			<dt class='gallery-icon portrait'>
				<a href='https://kalikoapartman.hu/wp-content/uploads/2016/05/V3.jpg'><img loading="lazy" decoding="async" width="640" height="905" src="https://kalikoapartman.hu/wp-content/uploads/2016/05/V3-724x1024.jpg" class="attachment-large size-large" alt="" srcset="https://kalikoapartman.hu/wp-content/uploads/2016/05/V3-724x1024.jpg 724w, https://kalikoapartman.hu/wp-content/uploads/2016/05/V3-212x300.jpg 212w, https://kalikoapartman.hu/wp-content/uploads/2016/05/V3-768x1086.jpg 768w, https://kalikoapartman.hu/wp-content/uploads/2016/05/V3.jpg 827w" sizes="auto, (max-width: 640px) 100vw, 640px" /></a>
			</dt></dl>
			<br style='clear: both' />
		</div>

<p>Veranda magazin 2016 Május/Június.</p>

<!-- This site is optimized with the Yoast SEO plugin v25.7 - https://yoast.com/wordpress/plugins/seo/ -->
<title>Veranda - Káli Kő Nyaralóház</title>
<meta name="robots" content="index, follow, max-snippet:-1, max-image-preview:large, max-video-preview:-1" />
<link rel="canonical" href="https://kalikoapartman.hu/?page_id=168" />
<meta property="og:locale" content="hu_HU" />
<meta property="og:type" content="article" />
<meta property="og:title" content="Veranda - Káli Kő Nyaralóház" />
<meta property="og:description" content="Veranda magazin 2016 Május/Június." />
<meta property="og:url" content="https://kalikoapartman.hu/?page_id=168" />
<meta property="og:site_name" content="Káli Kő Nyaralóház" />
<meta property="article:modified_time" content="2017-03-07T13:06:34+00:00" />
<meta property="og:image" content="https://kalikoapartman.hu/wp-content/uploads/2016/05/V1-1024x724.jpg" />
<meta name="twitter:card" content="summary_large_image" />
<script type="application/ld+json" class="yoast-schema-graph">{"@context":"https://schema.org","@graph":[{"@type":"WebPage","@id":"https://kalikoapartman.hu/?page_id=168","url":"https://kalikoapartman.hu/?page_id=168","name":"Veranda - Káli Kő Nyaralóház","isPartOf":{"@id":"https://kalikoapartman.hu/#website"},"datePublished":"2016-05-17T13:22:12+00:00","dateModified":"2017-03-07T13:06:34+00:00","breadcrumb":{"@id":"https://kalikoapartman.hu/?page_id=168#breadcrumb"},"inLanguage":"hu","potentialAction":[{"@type":"ReadAction","target":["https://kalikoapartman.hu/?page_id=168"]}]},{"@type":"BreadcrumbList","@id":"https://kalikoapartman.hu/?page_id=168#breadcrumb","itemListElement":[{"@type":"ListItem","position":1,"name":"Home","item":"https://kalikoapartman.hu/"},{"@type":"ListItem","position":2,"name":"Veranda"}]},{"@type":"WebSite","@id":"https://kalikoapartman.hu/#website","url":"https://kalikoapartman.hu/","name":"Káli Kő Nyaralóház","description":"Szentbékkálla Káli-medence","potentialAction":[{"@type":"SearchAction","target":{"@type":"EntryPoint","urlTemplate":"https://kalikoapartman.hu/?s={search_term_string}"},"query-input":{"@type":"PropertyValueSpecification","valueRequired":true,"valueName":"search_term_string"}}],"inLanguage":"hu"}]}</script>
<!-- / Yoast SEO plugin. -->

Veranda - Káli Kő Nyaralóház

Veranda magazin 2016 Május/Június.

Káli Kő Nyaralóház

Szentbékkálla Káli-medence
